{"id":617,"date":"2010-06-17T10:26:12","date_gmt":"2010-06-17T08:26:12","guid":{"rendered":"http:\/\/www.vm-wagner.at\/?page_id=617"},"modified":"2025-01-23T16:41:25","modified_gmt":"2025-01-23T14:41:25","slug":"aktuelles","status":"publish","type":"page","link":"http:\/\/www.vm-wagner.at\/","title":{"rendered":"Aktuelles"},"content":{"rendered":"\n<p class=\"has-text-align-center\"><\/p>\n\n\n\n<h1 class=\"wp-block-heading has-text-align-center\"><strong>Wir w\u00fcnschen einen guten Start ins Jahr 2025 und bedanken uns f\u00fcr euer Vertrauen.<\/strong><\/h1>\n\n\n\n<figure class=\"wp-block-image size-large\"><a href=\"http:\/\/www.vm-wagner.at\/wp-content\/uploads\/2025\/01\/Weihnachtskarten_2023-02-1.jpg\"><img loading=\"lazy\" decoding=\"async\" width=\"1024\" height=\"409\" src=\"http:\/\/www.vm-wagner.at\/wp-content\/uploads\/2025\/01\/Weihnachtskarten_2023-02-1-1024x409.jpg\" alt=\"\" class=\"wp-image-4438\" srcset=\"http:\/\/www.vm-wagner.at\/wp-content\/uploads\/2025\/01\/Weihnachtskarten_2023-02-1-1024x409.jpg 1024w, http:\/\/www.vm-wagner.at\/wp-content\/uploads\/2025\/01\/Weihnachtskarten_2023-02-1-300x120.jpg 300w, http:\/\/www.vm-wagner.at\/wp-content\/uploads\/2025\/01\/Weihnachtskarten_2023-02-1-768x307.jpg 768w, http:\/\/www.vm-wagner.at\/wp-content\/uploads\/2025\/01\/Weihnachtskarten_2023-02-1-1536x613.jpg 1536w, http:\/\/www.vm-wagner.at\/wp-content\/uploads\/2025\/01\/Weihnachtskarten_2023-02-1-2048x818.jpg 2048w\" sizes=\"auto, (max-width: 1024px) 100vw, 1024px\" \/><\/a><\/figure>\n\n\n\n<p><\/p>\n\n\n\n<p><\/p>\n\n\n\n<p><\/p>\n\n\n\n<p class=\"has-text-align-center has-medium-font-size\"><strong>MEGA SONNEN STUDIO im B\u00fcrogeb\u00e4ude Deutsch Kaltenbrunn <\/strong><\/p>\n\n\n\n<p class=\"has-text-align-center has-medium-font-size\"><mark style=\"background-color:rgba(0, 0, 0, 0)\" class=\"has-inline-color has-vivid-red-color\">\u00d6ffentliches WC im Geb\u00e4ude<\/mark>&nbsp;<\/p>\n\n\n\n<figure class=\"wp-block-gallery has-nested-images columns-default is-cropped wp-block-gallery-1 is-layout-flex wp-block-gallery-is-layout-flex\">\n<figure class=\"wp-block-image size-large\"><a href=\"http:\/\/www.vm-wagner.at\/wp-content\/uploads\/2021\/09\/WhatsApp-Image-2021-03-28-at-22.25.28.jpeg\"><img loading=\"lazy\" decoding=\"async\" width=\"1024\" height=\"205\" data-id=\"1551\" src=\"http:\/\/www.vm-wagner.at\/wp-content\/uploads\/2021\/09\/WhatsApp-Image-2021-03-28-at-22.25.28.jpeg\" alt=\"\" class=\"wp-image-1551\" srcset=\"http:\/\/www.vm-wagner.at\/wp-content\/uploads\/2021\/09\/WhatsApp-Image-2021-03-28-at-22.25.28.jpeg 1024w, http:\/\/www.vm-wagner.at\/wp-content\/uploads\/2021\/09\/WhatsApp-Image-2021-03-28-at-22.25.28-300x60.jpeg 300w, http:\/\/www.vm-wagner.at\/wp-content\/uploads\/2021\/09\/WhatsApp-Image-2021-03-28-at-22.25.28-768x154.jpeg 768w\" sizes=\"auto, (max-width: 1024px) 100vw, 1024px\" \/><\/a><\/figure>\n\n\n\n<figure class=\"wp-block-image size-large\"><a href=\"http:\/\/www.vm-wagner.at\/wp-content\/uploads\/2021\/09\/WhatsApp-Image-2021-03-28-at-22.25.28-1.jpeg\"><img loading=\"lazy\" decoding=\"async\" width=\"1024\" height=\"579\" data-id=\"1550\" src=\"http:\/\/www.vm-wagner.at\/wp-content\/uploads\/2021\/09\/WhatsApp-Image-2021-03-28-at-22.25.28-1.jpeg\" alt=\"\" class=\"wp-image-1550\" srcset=\"http:\/\/www.vm-wagner.at\/wp-content\/uploads\/2021\/09\/WhatsApp-Image-2021-03-28-at-22.25.28-1.jpeg 1024w, http:\/\/www.vm-wagner.at\/wp-content\/uploads\/2021\/09\/WhatsApp-Image-2021-03-28-at-22.25.28-1-300x170.jpeg 300w, http:\/\/www.vm-wagner.at\/wp-content\/uploads\/2021\/09\/WhatsApp-Image-2021-03-28-at-22.25.28-1-768x434.jpeg 768w\" sizes=\"auto, (max-width: 1024px) 100vw, 1024px\" \/><\/a><\/figure>\n\n\n\n<figure class=\"wp-block-image size-large\"><a href=\"http:\/\/www.vm-wagner.at\/wp-content\/uploads\/2021\/09\/WhatsApp-Image-2021-03-28-at-22.25.28-2.jpeg\"><img loading=\"lazy\" decoding=\"async\" width=\"1024\" height=\"824\" data-id=\"1549\" src=\"http:\/\/www.vm-wagner.at\/wp-content\/uploads\/2021\/09\/WhatsApp-Image-2021-03-28-at-22.25.28-2.jpeg\" alt=\"\" class=\"wp-image-1549\" srcset=\"http:\/\/www.vm-wagner.at\/wp-content\/uploads\/2021\/09\/WhatsApp-Image-2021-03-28-at-22.25.28-2.jpeg 1024w, http:\/\/www.vm-wagner.at\/wp-content\/uploads\/2021\/09\/WhatsApp-Image-2021-03-28-at-22.25.28-2-300x241.jpeg 300w, http:\/\/www.vm-wagner.at\/wp-content\/uploads\/2021\/09\/WhatsApp-Image-2021-03-28-at-22.25.28-2-768x618.jpeg 768w\" sizes=\"auto, (max-width: 1024px) 100vw, 1024px\" \/><\/a><\/figure>\n\n\n\n<figure class=\"wp-block-image size-large\"><a href=\"http:\/\/www.vm-wagner.at\/wp-content\/uploads\/2021\/09\/WhatsApp-Image-2021-03-28-at-22.25.28-3.jpeg\"><img loading=\"lazy\" decoding=\"async\" width=\"1024\" height=\"768\" data-id=\"1548\" src=\"http:\/\/www.vm-wagner.at\/wp-content\/uploads\/2021\/09\/WhatsApp-Image-2021-03-28-at-22.25.28-3.jpeg\" alt=\"\" class=\"wp-image-1548\" srcset=\"http:\/\/www.vm-wagner.at\/wp-content\/uploads\/2021\/09\/WhatsApp-Image-2021-03-28-at-22.25.28-3.jpeg 1024w, http:\/\/www.vm-wagner.at\/wp-content\/uploads\/2021\/09\/WhatsApp-Image-2021-03-28-at-22.25.28-3-300x225.jpeg 300w, http:\/\/www.vm-wagner.at\/wp-content\/uploads\/2021\/09\/WhatsApp-Image-2021-03-28-at-22.25.28-3-768x576.jpeg 768w\" sizes=\"auto, (max-width: 1024px) 100vw, 1024px\" \/><\/a><\/figure>\n\n\n\n<figure class=\"wp-block-image size-large\"><a href=\"http:\/\/www.vm-wagner.at\/wp-content\/uploads\/2021\/09\/WhatsApp-Image-2021-03-28-at-22.25.28-4.jpeg\"><img loading=\"lazy\" decoding=\"async\" width=\"1024\" height=\"768\" data-id=\"1547\" src=\"http:\/\/www.vm-wagner.at\/wp-content\/uploads\/2021\/09\/WhatsApp-Image-2021-03-28-at-22.25.28-4.jpeg\" alt=\"\" class=\"wp-image-1547\" srcset=\"http:\/\/www.vm-wagner.at\/wp-content\/uploads\/2021\/09\/WhatsApp-Image-2021-03-28-at-22.25.28-4.jpeg 1024w, http:\/\/www.vm-wagner.at\/wp-content\/uploads\/2021\/09\/WhatsApp-Image-2021-03-28-at-22.25.28-4-300x225.jpeg 300w, http:\/\/www.vm-wagner.at\/wp-content\/uploads\/2021\/09\/WhatsApp-Image-2021-03-28-at-22.25.28-4-768x576.jpeg 768w\" sizes=\"auto, (max-width: 1024px) 100vw, 1024px\" \/><\/a><\/figure>\n\n\n\n<figure class=\"wp-block-image size-large\"><a href=\"http:\/\/www.vm-wagner.at\/wp-content\/uploads\/2021\/09\/WhatsApp-Image-2021-03-28-at-22.25.28-5.jpeg\"><img loading=\"lazy\" decoding=\"async\" width=\"1024\" height=\"768\" data-id=\"1546\" src=\"http:\/\/www.vm-wagner.at\/wp-content\/uploads\/2021\/09\/WhatsApp-Image-2021-03-28-at-22.25.28-5.jpeg\" alt=\"\" class=\"wp-image-1546\" srcset=\"http:\/\/www.vm-wagner.at\/wp-content\/uploads\/2021\/09\/WhatsApp-Image-2021-03-28-at-22.25.28-5.jpeg 1024w, http:\/\/www.vm-wagner.at\/wp-content\/uploads\/2021\/09\/WhatsApp-Image-2021-03-28-at-22.25.28-5-300x225.jpeg 300w, http:\/\/www.vm-wagner.at\/wp-content\/uploads\/2021\/09\/WhatsApp-Image-2021-03-28-at-22.25.28-5-768x576.jpeg 768w\" sizes=\"auto, (max-width: 1024px) 100vw, 1024px\" \/><\/a><\/figure>\n\n\n\n<figure class=\"wp-block-image size-large\"><a href=\"http:\/\/www.vm-wagner.at\/wp-content\/uploads\/2021\/09\/WhatsApp-Image-2021-03-28-at-22.25.28-6.jpeg\"><img loading=\"lazy\" decoding=\"async\" width=\"1024\" height=\"768\" data-id=\"1545\" src=\"http:\/\/www.vm-wagner.at\/wp-content\/uploads\/2021\/09\/WhatsApp-Image-2021-03-28-at-22.25.28-6.jpeg\" alt=\"\" class=\"wp-image-1545\" srcset=\"http:\/\/www.vm-wagner.at\/wp-content\/uploads\/2021\/09\/WhatsApp-Image-2021-03-28-at-22.25.28-6.jpeg 1024w, http:\/\/www.vm-wagner.at\/wp-content\/uploads\/2021\/09\/WhatsApp-Image-2021-03-28-at-22.25.28-6-300x225.jpeg 300w, http:\/\/www.vm-wagner.at\/wp-content\/uploads\/2021\/09\/WhatsApp-Image-2021-03-28-at-22.25.28-6-768x576.jpeg 768w\" sizes=\"auto, (max-width: 1024px) 100vw, 1024px\" \/><\/a><\/figure>\n\n\n\n<figure class=\"wp-block-image size-large\"><a href=\"http:\/\/www.vm-wagner.at\/wp-content\/uploads\/2021\/09\/WhatsApp-Image-2021-03-28-at-22.25.29.jpeg\"><img loading=\"lazy\" decoding=\"async\" width=\"768\" height=\"1024\" data-id=\"1544\" src=\"http:\/\/www.vm-wagner.at\/wp-content\/uploads\/2021\/09\/WhatsApp-Image-2021-03-28-at-22.25.29.jpeg\" alt=\"\" class=\"wp-image-1544\" srcset=\"http:\/\/www.vm-wagner.at\/wp-content\/uploads\/2021\/09\/WhatsApp-Image-2021-03-28-at-22.25.29.jpeg 768w, http:\/\/www.vm-wagner.at\/wp-content\/uploads\/2021\/09\/WhatsApp-Image-2021-03-28-at-22.25.29-225x300.jpeg 225w\" sizes=\"auto, (max-width: 768px) 100vw, 768px\" \/><\/a><\/figure>\n\n\n\n<figure class=\"wp-block-image size-large\"><a href=\"http:\/\/www.vm-wagner.at\/wp-content\/uploads\/2021\/09\/WhatsApp-Image-2021-03-28-at-22.25.29-1.jpeg\"><img loading=\"lazy\" decoding=\"async\" width=\"1024\" height=\"768\" data-id=\"1543\" src=\"http:\/\/www.vm-wagner.at\/wp-content\/uploads\/2021\/09\/WhatsApp-Image-2021-03-28-at-22.25.29-1.jpeg\" alt=\"\" class=\"wp-image-1543\" srcset=\"http:\/\/www.vm-wagner.at\/wp-content\/uploads\/2021\/09\/WhatsApp-Image-2021-03-28-at-22.25.29-1.jpeg 1024w, http:\/\/www.vm-wagner.at\/wp-content\/uploads\/2021\/09\/WhatsApp-Image-2021-03-28-at-22.25.29-1-300x225.jpeg 300w, http:\/\/www.vm-wagner.at\/wp-content\/uploads\/2021\/09\/WhatsApp-Image-2021-03-28-at-22.25.29-1-768x576.jpeg 768w\" sizes=\"auto, (max-width: 1024px) 100vw, 1024px\" \/><\/a><\/figure>\n\n\n\n<figure class=\"wp-block-image size-large\"><a href=\"http:\/\/www.vm-wagner.at\/wp-content\/uploads\/2021\/09\/WhatsApp-Image-2021-03-28-at-22.25.29-2.jpeg\"><img loading=\"lazy\" decoding=\"async\" width=\"1024\" height=\"768\" data-id=\"1542\" src=\"http:\/\/www.vm-wagner.at\/wp-content\/uploads\/2021\/09\/WhatsApp-Image-2021-03-28-at-22.25.29-2.jpeg\" alt=\"\" class=\"wp-image-1542\" srcset=\"http:\/\/www.vm-wagner.at\/wp-content\/uploads\/2021\/09\/WhatsApp-Image-2021-03-28-at-22.25.29-2.jpeg 1024w, http:\/\/www.vm-wagner.at\/wp-content\/uploads\/2021\/09\/WhatsApp-Image-2021-03-28-at-22.25.29-2-300x225.jpeg 300w, http:\/\/www.vm-wagner.at\/wp-content\/uploads\/2021\/09\/WhatsApp-Image-2021-03-28-at-22.25.29-2-768x576.jpeg 768w\" sizes=\"auto, (max-width: 1024px) 100vw, 1024px\" \/><\/a><\/figure>\n<\/figure>\n","protected":false},"excerpt":{"rendered":"<p>Wir w\u00fcnschen einen guten Start ins Jahr 2025 und bedanken uns f\u00fcr euer Vertrauen. MEGA SONNEN STUDIO im B\u00fcrogeb\u00e4ude Deutsch Kaltenbrunn \u00d6ffentliches WC im Geb\u00e4ude&nbsp;<\/p>\n","protected":false},"author":3,"featured_media":0,"parent":0,"menu_order":6,"comment_status":"closed","ping_status":"closed","template":"","meta":{"footnotes":""},"class_list":["post-617","page","type-page","status-publish","hentry"],"_links":{"self":[{"href":"http:\/\/www.vm-wagner.at\/index.php?rest_route=\/wp\/v2\/pages\/617","targetHints":{"allow":["GET"]}}],"collection":[{"href":"http:\/\/www.vm-wagner.at\/index.php?rest_route=\/wp\/v2\/pages"}],"about":[{"href":"http:\/\/www.vm-wagner.at\/index.php?rest_route=\/wp\/v2\/types\/page"}],"author":[{"embeddable":true,"href":"http:\/\/www.vm-wagner.at\/index.php?rest_route=\/wp\/v2\/users\/3"}],"replies":[{"embeddable":true,"href":"http:\/\/www.vm-wagner.at\/index.php?rest_route=%2Fwp%2Fv2%2Fcomments&post=617"}],"version-history":[{"count":121,"href":"http:\/\/www.vm-wagner.at\/index.php?rest_route=\/wp\/v2\/pages\/617\/revisions"}],"predecessor-version":[{"id":4482,"href":"http:\/\/www.vm-wagner.at\/index.php?rest_route=\/wp\/v2\/pages\/617\/revisions\/4482"}],"wp:attachment":[{"href":"http:\/\/www.vm-wagner.at\/index.php?rest_route=%2Fwp%2Fv2%2Fmedia&parent=617"}],"curies":[{"name":"wp","href":"https:\/\/api.w.org\/{rel}","templated":true}]}}