{"id":615,"date":"2010-06-17T10:26:04","date_gmt":"2010-06-17T08:26:04","guid":{"rendered":"http:\/\/www.vm-wagner.at\/?page_id=615"},"modified":"2010-07-01T20:10:28","modified_gmt":"2010-07-01T18:10:28","slug":"produktevorsorge","status":"publish","type":"page","link":"http:\/\/www.vm-wagner.at\/?page_id=615","title":{"rendered":"Produkte\/Vorsorge"},"content":{"rendered":"<p><a href=\"http:\/\/www.vm-wagner.at\/?page_id=699\">f\u00fcr Privatkunden<\/a><\/p>\n<p><a href=\"http:\/\/www.vm-wagner.at\/?page_id=711\">f\u00fcr Gesch\u00e4ftskunden<\/a><\/p>\n","protected":false},"excerpt":{"rendered":"<p>f\u00fcr Privatkunden f\u00fcr Gesch\u00e4ftskunden<\/p>\n","protected":false},"author":3,"featured_media":0,"parent":0,"menu_order":4,"comment_status":"closed","ping_status":"closed","template":"","meta":{"footnotes":""},"class_list":["post-615","page","type-page","status-publish","hentry"],"_links":{"self":[{"href":"http:\/\/www.vm-wagner.at\/index.php?rest_route=\/wp\/v2\/pages\/615","targetHints":{"allow":["GET"]}}],"collection":[{"href":"http:\/\/www.vm-wagner.at\/index.php?rest_route=\/wp\/v2\/pages"}],"about":[{"href":"http:\/\/www.vm-wagner.at\/index.php?rest_route=\/wp\/v2\/types\/page"}],"author":[{"embeddable":true,"href":"http:\/\/www.vm-wagner.at\/index.php?rest_route=\/wp\/v2\/users\/3"}],"replies":[{"embeddable":true,"href":"http:\/\/www.vm-wagner.at\/index.php?rest_route=%2Fwp%2Fv2%2Fcomments&post=615"}],"version-history":[{"count":0,"href":"http:\/\/www.vm-wagner.at\/index.php?rest_route=\/wp\/v2\/pages\/615\/revisions"}],"wp:attachment":[{"href":"http:\/\/www.vm-wagner.at\/index.php?rest_route=%2Fwp%2Fv2%2Fmedia&parent=615"}],"curies":[{"name":"wp","href":"https:\/\/api.w.org\/{rel}","templated":true}]}}